) - 47/(-4). Let m = -23 + z. Let b = -6 - m. What is the greatest common factor of b and 35?
5
Suppose -53*n - 4*t + 496 = -52*n, 2*n + 4*t = 992. What is the highest common factor of 93 and n?
31
Suppose 0 = -5*k - 3*n + 15, -3*k = k - n - 12. Suppose 4*c - 382 = -0*u - u, -2*u = k*c - 289. What is the highest common divisor of c and 19?
19
Let f be 1/(-2) - 51/6. Let o be (63/(-4))/(f/96). Suppose -p + 2*s + 21 = 5*s, -p - 2*s + 21 = 0. What is the greatest common factor of o and p?
21
Let w = 3160 - 857. Calculate the greatest common divisor of 49 and w.
49
Suppose -12 + 204 = 16*h. What is the greatest common factor of 84 and h?
12
Let g(h) = 3*h**2 + 9*h + 9. Let u = 50 - 57. Let r be g(u). Calculate the greatest common factor of 31 and r.
31
Suppose 3*l + 3*h - 15 = 0, 3*l - 22 = l + 4*h. Let p be -1*(-1 - 10) + 2*-2. Calculate the highest common factor of l and p.
7
Let s = -7 - -1. Let q(i) = i**2 + 4*i + 3. Let w be q(s). Let c = -148 - -268. Calculate the greatest common factor of w and c.
15
Let j(m) = m**2 - 10*m - 14. Let a be j(12). Suppose 5*i - a*i + 20 = 0. Calculate the highest common divisor of 4 and i.
4
Suppose n - 2*f - 304 = 0, 2*f - 920 = -0*n - 3*n. What is the highest common divisor of 18 and n?
18
Let q be (-3)/6 + 9/2. Let m be (-5)/(-5) - (-1)/(-1). Suppose l - 4 = -m*l. What is the highest common divisor of l and q?
4
Let i be 3 - ((-1)/1 + 2). Suppose 171 = i*a - d, 5*a - 3*d - 455 = -6*d. Calculate the greatest common divisor of a and 11.
11
Let q(p) = -p**3 - 31*p**2 + 62*p - 15. Let r be q(-33). Calculate the highest common divisor of r and 26.
13
Suppose 0*r + 4*p - 18 = r, -r - 3*p = -17. Let v be (-3)/15 + (-93)/(-15). Suppose 0 = 8*b - 10*b + v. Calculate the greatest common factor of b and r.
1
Let m(c) = 9*c - 8. Let g(s) = 44*s - 39. Let x(r) = 2*g(r) - 11*m(r). Let f be x(-11). Let z = -76 + f. Calculate the greatest common factor of z and 11.
11
Let s be 6 - (1552 - -8)/(-6). What is the highest common factor of 14 and s?
14
Let i = 221 - 218. What is the greatest common factor of i and 3?
3
Suppose -3*w - 216 = -11*w. Calculate the highest common divisor of 6 and w.
3
Let x = 105 + -113. Suppose 13 = -5*u + 88. Let q = x + u. Calculate the greatest common factor of q and 21.
7
Suppose -4*v + 520 + 148 = 0. Let u = 356 - v. What is the highest common factor of 21 and u?
21
Suppose -7*r = 14 - 77. Suppose 2*k = 3*x - r, 3*x - 13 - 14 = -4*k. What is the greatest common factor of x and 40?
5
Suppose 0 = -4*m - 11 - 17. Let h be m*(2/14 - 1). Let t = 35 + -20. Calculate the highest common divisor of t and h.
3
Let h be 585/52 - (-2)/(-8). Let r = 406 - 243. Suppose -2*w = -3*b - r, -5*b - 3 = -4*b. Calculate the greatest common divisor of w and h.
11
Let o be 1/(((-8)/52)/(-2)). Let p(z) = -z**3 + 12*z**2 + 14*z - 7. Let b be p(o). What is the highest common factor of 66 and b?
6
Suppose 2*q - 4 = 4*k, -3*k = 6*q - 9*q + 21. Calculate the highest common divisor of 156 and q.
12
Suppose -90 = 4*u + 2*g, -u - g = -2*g + 15. Let n = -12 - u. Let w be n/6*(-33)/(-11). What is the highest common divisor of 44 and w?
4
Suppose 2448 = 12*j + 5*j. Calculate the highest common factor of 18 and j.
18
Suppose -27*q + 31*q - 5*y - 370 = 0, -295 = -3*q - 5*y. Calculate the greatest common divisor of 57 and q.
19
Let u be -1 + 30/25 - (-9)/5. Suppose 3*k - 9 = u*k. What is the greatest common factor of 99 and k?
9
Suppose 16*u - 12*u - 576 = 0. Let p(g) = 106*g - 8. Let c be p(8). Let y be 4/(-26) - c/(-52). Calculate the highest common factor of y and u.
16
Let o(d) = -d + 5. Let f = -6 - 0. Let p be o(f). What is the highest common divisor of 121 and p?
11
Let w = -5 + 7. Suppose -w*a - 4*d + 58 = 0, -3*a - 5*d + 60 = -a. Let o = 27 + a. What is the greatest common divisor of o and 78?
26
Let l(r) = 2*r**2 + 3*r - 3. Let p be l(2). Let g be (-3)/((-70)/(-76) - 1). Let f = g - 27. What is the greatest common divisor of f and p?
11
Suppose -13*o + 290 - 82 = 0. What is the highest common divisor of 400 and o?
16
Let s(r) = 7*r**2 - r - 4. Let p be s(2). Let x be (1 - 1)/(-1) - -3. Suppose 4 = x*u - u. Calculate the highest common factor of u and p.
2
Suppose -4*r + 0 = -4. Let c(x) = x**2 + 4*x - 37. Suppose 6*f = 8*f + 18. Let k be c(f). Calculate the greatest common factor of k and r.
1
Suppose 80 = 4*o + 4*q, -2*o + q - 1 = -29. Suppose -u - o = -5*i, 5*u + 2*i - 15 = 13. Let w be 1/(-1) + 3 + 0. What is the highest common divisor of u and w?
2
Suppose 0 = 7*y - 0*y + 42. Suppose 0 = 3*o + 3 - 12. Let d be (y - -2)/((-6)/o). Calculate the greatest common divisor of 4 and d.
2
Let y(m) = 10*m - 37. Let x be y(11). Let r = -60 + x. Let j be 78/(-4)*28/(-6). What is the greatest common divisor of j and r?
13
Suppose 30 = m + 27. What is the highest common divisor of 147 and m?
3
Let p(k) be the third derivative of -13*k**4/24 - k**3/6 + 13*k**2. Let a be (-2)/(2 - 6)*-2. Let m be p(a). Calculate the highest common divisor of 132 and m.
12
Let y(n) = -n**2 - 36*n - 22. Let j be y(-11). What is the highest common divisor of 11 and j?
11
Let k(d) = -7*d - 52. Let x be k(-10). What is the greatest common factor of x and 162?
18
Let f(z) = -11*z - 48. Suppose 0 = -7*d - 19 - 23. Let g be f(d). Calculate the highest common divisor of g and 6.
6
Suppose -2*y + 3*y - 81 = -2*u, 0 = -y + 3*u + 76. Let g = y + -44. Suppose -3 = 2*r - 31. Calculate the greatest common divisor of g and r.
7
Suppose -240 = f - 7*f. Suppose -f = -2*s + 72. What is the greatest common divisor of s and 8?
8
Let c be 5/(-1) - 4088/(-56). What is the highest common factor of 170 and c?
34
Let g be (1 - 1 - 4)*(-49)/98. Let f be 40/18 - (-6)/(-27). Calculate the highest common factor of g and f.
2
Let d(z) = -z**2 + 22*z - 2. Suppose -3*x = -4 - 38. Let i be d(x). Calculate the highest common divisor of 10 and i.
10
Let y be 48 + -2 - (2 + -6). What is the greatest common factor of y and 10?
10
Let x be 5 - 16/(-24)*(-981)/(-6). Calculate the greatest common factor of x and 2.
2
Let p be (25/(-20))/((-13)/3328). Calculate the greatest common divisor of 240 and p.
80
Let f = -379 + 427. Calculate the greatest common divisor of f and 408.
24
Let i = 400 + 808. Suppose i = 12*n - 2056. Calculate the greatest common factor of 17 and n.
17
Suppose 9*h + 8 - 35 = 0. What is the highest common divisor of h and 81?
3
Let b(n) be the first derivative of -13*n**2/2 + 3*n - 11. Let u be b(-1). Calculate the highest common divisor of 64 and u.
16
Let n = -6 + 118. Let x = -8 - -10. Suppose 4*u - 28 = x*u. Calculate the greatest common divisor of n and u.
14
Suppose 0 = 4*l + 635 - 819. Calculate the greatest common factor of l and 23.
23
Suppose -3 = -z - 2*m + 10, 9 = 5*z - 4*m. Calculate the highest common factor of z and 80.
5
Let q be (5/(-15))/((-1)/9). Suppose -4*s + l = -18, -q*s + 2 = -0*l + 5*l. Let y = 10 - 6. Calculate the greatest common divisor of s and y.
4
Suppose -o = -0*o - 2. Suppose m - o = -0. Let k = 20 + m. Calculate the greatest common divisor of 110 and k.
22
Let u = 50 - 71. Suppose 620 = 4*j - 4*y, -3*j - 5*y = -502 + 29. Let r be (j/u)/((-10)/35). Calculate the highest common factor of r and 286.
26
Let t(u) = 2*u - 2. Let c be t(2). Let y be c/3*63/6. Suppose y*p - 3*p = 108. What is the greatest common divisor of 9 and p?
9
Let p(k) = k + 1. Let z be p(1). Suppose 3 - 2 = i + t, -2 = -z*i - 3*t. Let c = -26 + 34. Calculate the highest common divisor of i and c.
1
Let r = -422 - -575. Calculate the highest common factor of r and 17.
17
Suppose u = -2, 0 = -k - 83*u + 79*u + 4. Calculate the greatest common factor of 804 and k.
12
Let z be (-20)/18 - (-48792)/513. Calculate the highest common divisor of z and 1880.
94
Let t(p) = -p + 32. Let i(v) = -v**2 + 13*v - 10. Let n be i(10). Let m be t(n). Calculate the greatest common factor of m and 12.
12
Let v be 102/7 - 9/(-21). What is the highest common divisor of 480 and v?
15
Let q be ((-28)/(-21))/((-2)/(-495)). Suppose a = -2*v + 170, 3*a - 6*a = -4*v + q. What is the greatest common divisor of 12 and v?
12
Let h = -3259 - -4879. Calculate the greatest common divisor of h and 54.
54
Suppose -1009*b = -1012*b + 216. Calculate the highest common divisor of 27 and b.
9
Let p(k) = 6*k